s) + 4*w(s). List the prime factors of n(5).
5, 17
Suppose 4*k + 8 = v, -2*v + 4*v - 2*k = -8. What are the prime factors of (-5)/40 + (-561)/v?
2, 5, 7
Let c = 49 - -52. List the prime factors of c.
101
Let k(v) be the third derivative of v**6/120 - 3*v**5/20 + v**4/2 - 11*v**3/6 + 39*v**2. Let d be 58/7 - (-2)/(-7). List the prime factors of k(d).
3, 7
Suppose 8*g = -27*g + 18865. What are the prime factors of g?
7, 11
Let b(q) = -3*q**3 + 5*q**2 - 3*q - 10. What are the prime factors of b(-4)?
2, 137
Let c = -1476 - -2707. What are the prime factors of c?
1231
Let a = 235 - 86. Suppose -5*s + z = -z - 134, -5*s = 3*z - a. What are the prime factors of s?
2, 7
Suppose 7*m - 6*m - 16 = 0. Let w = m - -68. What are the prime factors of w?
2, 3, 7
Suppose 331*n - 323*n - 1696 = 0. List the prime factors of n.
2, 53
Suppose -j = 2*j - 18. Suppose -d - 15 = -j*d. Suppose -2*y = 5*p - p - 52, -d*p = -y - 29. What are the prime factors of p?
11
Let f be 432/(-40) + (-8)/(-10). Let u be 6/f + (-1292)/(-20). List the prime factors of ((-30)/8)/((-24)/u).
2, 5
Suppose 5*m = 4*m. Let v(c) = -c**2 - 19. Let o be v(m). Let q = 46 + o. List the prime factors of q.
3
Suppose -q - 2 + 3 = 0. Let z be 6/18*(q + 8). Suppose -61 = -5*i + p, -z*i = i + p - 56. What are the prime factors of i?
13
Let n(i) = 68*i + 199. What are the prime factors of n(24)?
1831
Let d = -909 - -2322. What are the prime factors of d?
3, 157
Let z = 1065 + 828. List the prime factors of z.
3, 631
Suppose -2*w + 5*t = -462, 4*w = -w - 4*t + 1188. Let m = w + -138. List the prime factors of m.
2, 7
Suppose -3*q - 27 = -4*b, -3*b - 4*q = -5 + 16. Let i(x) = 3*x**3 + 5*x**2 + x + 7. What are the prime factors of i(b)?
2, 17
Let q(t) = -3*t**2 - 10*t + 33. Let v(r) = 2*r**2 + 5*r - 16. Let w(d) = 3*q(d) + 7*v(d). List the prime factors of w(4).
3, 29
Let h(w) be the first derivative of 2*w**3/3 - 5*w**2/2 + 6*w - 10. What are the prime factors of h(7)?
3, 23
Let x be -2*(-1)/4*-6. What are the prime factors of (-1 - x)/((-4)/(-124))?
2, 31
Let v(w) = -w**3 - 9*w**2 + 7*w + 55. List the prime factors of v(-13).
2, 5
Let q = -508 - -736. What are the prime factors of q?
2, 3, 19
Let r = 359 + 53. Let p = -221 + r. List the prime factors of p.
191
Let t(v) = -3*v**3 + 15 - v**3 + 3*v + 3*v**3 - 6*v**2 - 7*v. What are the prime factors of t(-5)?
2, 5
Suppose -2*q - 918 = -c, 8*c - 3678 = 4*c + 5*q. List the prime factors of c.
2, 461
Let r(g) = g**3 - 3*g**2 - 2*g - 2. Let i be r(5). Let v = i - 1. List the prime factors of v.
37
Let i(x) be the first derivative of -x**3/3 + 15*x**2/2 + 12*x + 8. List the prime factors of i(14).
2, 13
Suppose -2*j + 2 = -2*o, -2*j + 11 + 6 = -5*o. Let u be (198/36)/(2/j). Let n = 36 - u. What are the prime factors of n?
47
Suppose 0 = -2*f + 5*q + 3, 4*q = f + 4*f - 16. Let z(j) be the second derivative of 4*j**3/3 + j**2/2 - j. List the prime factors of z(f).
3, 11
Let n = -80 + 396. Suppose 0 = -k - 2, 3*k + n = -13*o + 18*o. List the prime factors of o.
2, 31
Let q = 31 + 259. Suppose h + 4*w = -w + 127, -2*h + q = -2*w. What are the prime factors of h?
2, 71
Let t = -7 + 10. Let c = t - -10. Suppose 0 = 4*a - 5*a + c. List the prime factors of a.
13
Let s(j) = 35*j**2 - 4*j + 26. List the prime factors of s(4).
2, 3, 5, 19
Let r = -5 - -10. Suppose 88 = r*q - 132. List the prime factors of q.
2, 11
Suppose 7*c - 3*c = 5*w + 9, -w = 1. Let y = -1 + c. Suppose 5*s - 3*j - 70 = y, -4*j - 86 = -4*s - 22. What are the prime factors of s?
11
Let z be (-1)/(-6) + 261/54. List the prime factors of 25 + (-2 + z)/(-3).
2, 3
Let h = -2 + 0. Let j be ((-1)/h)/(1/6). Suppose j*r - 5*r = -26. What are the prime factors of r?
13
Suppose -3*s = -2*s + 10. Let k = -7 - s. Let z(d) = d**2 + 4. What are the prime factors of z(k)?
13
Suppose 5*n + 125 = -425. Let d = -48 - n. List the prime factors of d.
2, 31
Let p = 386 + 78. List the prime factors of p.
2, 29
Suppose n + 3 = j - 3, j = -n. Suppose 0 = -3*p - j + 18. Suppose 3*c = i - 20 + 6, -p*i + 100 = -5*c. List the prime factors of i.
23
Suppose 10*o = 15*o - 150. Suppose -o = -16*p + 14*p. List the prime factors of p.
3, 5
Let a = 27 + -32. List the prime factors of (a - -2)/(1/(-16)).
2, 3
Let t be 2/4 - 10/(-4). Suppose t*w + h + 42 = 16, 5*h - 10 = 5*w. Let z(u) = u**2 + 5*u - 2. List the prime factors of z(w).
2, 3
Let k = 3335 + -2357. What are the prime factors of k?
2, 3, 163
Suppose -3*w = -972 - 2559. List the prime factors of w.
11, 107
Suppose 3*q + 3*u + 9 = 0, q + 4*u + 0*u = -18. List the prime factors of (-8 - 828/(-8)) + q/4.
2, 3
List the prime factors of 471/(-4)*((-40)/15 - 8).
2, 157
Let w(u) = 30*u**2 + u - 3. Let i be w(-2). Let f = i - 71. What are the prime factors of f?
2, 11
Suppose 5*c = 8*c - 3. Let s(n) = 43*n**3 - n**2 + n + 1. What are the prime factors of s(c)?
2, 11
List the prime factors of (50080/(-60))/((-6)/9).
2, 313
Suppose a + 3 = 8. Suppose -c - a*n + 12 = -14, 0 = 2*c - 2*n - 64. What are the prime factors of c?
31
Let b(y) = 2*y**3 - 12*y**2 + 9*y - 14. Let h be b(10). Suppose n = 5*n - h. What are the prime factors of n?
3, 73
Let s(m) = -m**2. Let i(a) = -4*a**2 - 4*a + 12. Let x(l) = -i(l) + 3*s(l). Let z be x(-6). Suppose z = 3*b + 4 - 52. What are the prime factors of b?
2
Let d(c) = -16*c**3 + 10*c**2 - 3. What are the prime factors of d(-4)?
1181
Let c(g) = g**2 + 6*g - 27. List the prime factors of c(19).
2, 7
Let h = 390 + -262. Suppose -5*d - v + 4*v = -h, 4*v - 21 = -d. Suppose 2*i = -5 + d. List the prime factors of i.
2, 5
Suppose -3*v + z + 272 = 6*z, -447 = -5*v - 2*z. List the prime factors of v.
89
Let n be (-2)/5 - 92/(-5). Suppose 0*j - n = j. List the prime factors of 3/(((-21)/j)/7).
2, 3
Suppose 0 = -o - 4*l - 12, -9 = -o + 2*o + 3*l. Suppose o = 4*c - 0*c. Let h(f) = f + 23. List the prime factors of h(c).
23
Suppose -2*y = 757 - 1605. What are the prime factors of y?
2, 53
Let i = -812 + 1642. List the prime factors of i.
2, 5, 83
What are the prime factors of 2018/5 + -4 + (-4)/(-10)?
2, 5
Let b be (5 - 7)*21/6. Let w(n) = -8*n + 10. What are the prime factors of w(b)?
2, 3, 11
Let t be (-16)/(-6)*9/4. Suppose -n - 5*n = -18. Suppose n*h - 75 = -t. What are the prime factors of h?
23
Suppose -a = 2*p - 3628, 0*a - 3*a = 4*p - 7254. List the prime factors of p.
3, 5, 11
Suppose -4*f + 0*f = 88. Let q = -35 - f. What are the prime factors of (94/(-4))/(q/26)?
47
Let w be (-9)/12*2*2. Let b(n) = 5*n**2 - 9*n - 1. What are the prime factors of b(w)?
71
Let y(f) = 3*f**2 - 17 + 23 - 16. Let l be y(-5). Let t = l - 21. What are the prime factors of t?
2, 11
Suppose -26155 = -32*k - 6635. What are the prime factors of k?
2, 5, 61
Let w(s) = -2*s**2 + 4*s**2 + 29 - 26*s + 18*s. List the prime factors of w(13).
263
Suppose -4*q - c + 10757 = 0, c - 8089 = -3*q - 4*c. What are the prime factors of q?
2, 3, 7
Let b(r) = r**3 + 30*r**2 + 7*r - 46. What are the prime factors of b(-29)?
2, 37
Suppose -2*b = j - 2539, -5*j + 19 = 44. List the prime factors of b.
2, 3, 53
Suppose 0 = 3*p + 4*l - 67, -4*p + 2*p + l + 41 = 0. Let q(w) = w**3 - 20*w**2 - 20*w + 19. Let f be q(p). Suppose y - f = 20. What are the prime factors of y?
2, 3, 5
Let o be 0/(-2*((-1 - 0) + 0)). Let r(j) = 18*j - 3. Let m be r(2). Suppose o = -5*z + 92 + m. List the prime factors of z.
5
Let f(u) = 19*u + 31. Suppose 5*g = o, -2*g = o + g - 8. List the prime factors of f(o).
2, 3, 7
Suppose -18*m + 17*m - 63 = 0. Let g = 18 - m. List the prime factors of g.
3
Let z = 67 + -26. Suppose -r = -z - 6. What are the prime factors of r?
47
Let v = 6 + -1. Suppose 2*x + 3*x = v. What are the prime factors of 9/(-2)*(-2)/x?
3
Let k(t) be the third derivative of t**5/60 - t**4/6 - t**3/2 + 23*t**2. What are the prime factors of k(7)?
2, 3
Let a be ((-96)/(-20) + -4)*65. Let d = -6 - -26. Let y = a - d. List the prime factors of y.
2
Suppose -4*q = 4*m - 328, -2*m - 320 + 94 = -3*q. Let w = -37 + q. Suppose -5*a - 5*j + 65 = -0*a, -3*a - 2*j = -w. List the prime factors of a.
3, 5
Suppose 3*i + 4*a = 6258, 5*i + 3*a = 9805 + 614. List the prime factors of i.
2, 3, 347
Let z be (184/3)/(6/27). Suppose 52*k - 48*k - z = 0. What are the prime factors of k?
3, 23
Suppose -4*a + 3*a + 472 = 0. Let m be 